{"id":1320,"date":"2017-02-15T17:59:22","date_gmt":"2017-02-15T17:59:22","guid":{"rendered":"http:\/\/esrawe.com\/2018esrawe\/?page_id=1320"},"modified":"2023-06-01T16:52:55","modified_gmt":"2023-06-01T16:52:55","slug":"1320-2","status":"publish","type":"page","link":"https:\/\/esrawe.com\/2018esrawe\/interiores\/1320-2\/","title":{"rendered":"Tori Tori Altavista \/ CDMX, M\u00e9xico \/ 2017"},"content":{"rendered":"<p><img loading=\"lazy\" class=\"alignnone wp-image-3457 size-full\" src=\"https:\/\/i2.wp.com\/esrawe.com\/2018esrawe\/wp-content\/uploads\/2018\/06\/1.1-1-31.jpg?resize=1200%2C731&#038;ssl=1\" alt=\"\" width=\"1200\" height=\"731\" srcset=\"https:\/\/i2.wp.com\/esrawe.com\/2018esrawe\/wp-content\/uploads\/2018\/06\/1.1-1-31.jpg?w=2329&amp;ssl=1 2329w, https:\/\/i2.wp.com\/esrawe.com\/2018esrawe\/wp-content\/uploads\/2018\/06\/1.1-1-31.jpg?resize=300%2C183&amp;ssl=1 300w, https:\/\/i2.wp.com\/esrawe.com\/2018esrawe\/wp-content\/uploads\/2018\/06\/1.1-1-31.jpg?resize=768%2C468&amp;ssl=1 768w, https:\/\/i2.wp.com\/esrawe.com\/2018esrawe\/wp-content\/uploads\/2018\/06\/1.1-1-31.jpg?resize=1024%2C624&amp;ssl=1 1024w\" sizes=\"(max-width: 1200px) 100vw, 1200px\" data-recalc-dims=\"1\" \/><\/p>\n<h1 class=\"title_interior\" style=\"font-size: 13px; padding-top: 46px; padding-bottom: 26px; text-align: center;\"><strong>Tori Tori Altavista<\/strong><\/h1>\n<p class=\"p1 parrafo\" style=\"font-size: 11px; padding-bottom: 20px; padding-left: 10%; padding-right: 10%; text-align: left;\"><span class=\"s1\">La influencia para el desarrollo de este se basa en la expresi\u00f3n de la arquitectura brutalista, as\u00ed como en las viviendas labradas en monta\u00f1as y cavernas. <\/span><\/p>\n<p class=\"p1 parrafo\" style=\"font-size: 11px; padding-bottom: 20px; padding-left: 10%; padding-right: 10%; text-align: left;\"><span class=\"s1\">Situado dentro de una plaza comercial en el barrio de San \u00c1ngel, el espacio consta de dos niveles. El primero es un interior angosto que conecta por una escalera a la segunda planta con terraza rodeada de vegetaci\u00f3n. La sensaci\u00f3n al entrar al espacio est\u00e1 condicionada por un juego meticuloso de cambios de altura en el plaf\u00f3n de m\u00e1rmol que genera una sensaci\u00f3n de compresi\u00f3n y continuidad semejante a la experimentada al entrar a una cueva. Al fondo, el plaf\u00f3n de m\u00e1rmol baja hasta casi tocar el piso para recibir la escalera de caracol que conecta la planta baja con la terraza. En el lado derecho se encuentra una barra de sushi que permite al comensal ver las manos de los chefs durante la preparaci\u00f3n de los platos gracias al reflejo del plaf\u00f3n fabricado en lat\u00f3n al alto brillo. Del lado opuesto se encuentra un asiento continuo con un pieza del artista Marco Rountree colgando de la pared. <\/span><\/p>\n<p class=\"p1 parrafo\" style=\"font-size: 11px; padding-bottom: 20px; padding-left: 10%; padding-right: 10%; text-align: left;\"><span class=\"s1\">La planta alta est\u00e1 techada y rodeada de vegetaci\u00f3n; esto genera una sensaci\u00f3n de completa apertura y extroversi\u00f3n y permite observar las copas de los \u00e1rboles de las casas vecinas, unz caracter\u00edsticas del barrio. Sin embargo, la memoria de la experiencia previa se refleja a trav\u00e9s del los cambios de nivel en piso construidos con la misma materialidad del espacio anterior.<\/span><\/p>\n<h2 class=\"ficha\" style=\"font-size: 10px; line-height: 12px; text-align: right; padding-bottom: 20px;\"><\/h2>\n<div class=\"tiled-gallery type-rectangular tiled-gallery-unresized\" data-original-width=\"1200\" data-carousel-extra='null' itemscope itemtype=\"http:\/\/schema.org\/ImageGallery\" > <div class=\"gallery-row\" style=\"width: 1200px; height: 696px;\" data-original-width=\"1200\" data-original-height=\"696\" > <div class=\"gallery-group images-1\" style=\"width: 600px; height: 696px;\" data-original-width=\"600\" data-original-height=\"696\" > <div class=\"tiled-gallery-item tiled-gallery-item-large\" itemprop=\"associatedMedia\" itemscope itemtype=\"http:\/\/schema.org\/ImageObject\"> <a href=\"https:\/\/esrawe.com\/2018esrawe\/interiores\/1320-2\/toritoricover2\/\" border=\"0\" itemprop=\"url\"> <meta itemprop=\"width\" content=\"596\"> <meta itemprop=\"height\" content=\"692\"> <img data-attachment-id=\"3454\" data-orig-file=\"https:\/\/esrawe.com\/2018esrawe\/wp-content\/uploads\/2018\/06\/toritoricover2.jpg\" data-orig-size=\"1189,1381\" data-comments-opened=\"\" data-image-meta=\"{&quot;aperture&quot;:&quot;0&quot;,&quot;credit&quot;:&quot;&quot;,&quot;camera&quot;:&quot;&quot;,&quot;caption&quot;:&quot;&quot;,&quot;created_timestamp&quot;:&quot;0&quot;,&quot;copyright&quot;:&quot;&quot;,&quot;focal_length&quot;:&quot;0&quot;,&quot;iso&quot;:&quot;0&quot;,&quot;shutter_speed&quot;:&quot;0&quot;,&quot;title&quot;:&quot;&quot;,&quot;orientation&quot;:&quot;0&quot;}\" data-image-title=\"toritoricover2\" data-image-description=\"\" data-medium-file=\"https:\/\/i0.wp.com\/esrawe.com\/2018esrawe\/wp-content\/uploads\/2018\/06\/toritoricover2.jpg?fit=258%2C300&#038;ssl=1\" data-large-file=\"https:\/\/i0.wp.com\/esrawe.com\/2018esrawe\/wp-content\/uploads\/2018\/06\/toritoricover2.jpg?fit=882%2C1024&#038;ssl=1\" src=\"https:\/\/i0.wp.com\/esrawe.com\/2018esrawe\/wp-content\/uploads\/2018\/06\/toritoricover2.jpg?ssl=1&#038;w=596&#038;h=692\" width=\"596\" height=\"692\" data-original-width=\"596\" data-original-height=\"692\" itemprop=\"http:\/\/schema.org\/image\" title=\"toritoricover2\" alt=\"toritoricover2\" style=\"width: 596px; height: 692px;\" \/> <\/a> <\/div> <\/div> <!-- close group --> <div class=\"gallery-group images-1\" style=\"width: 600px; height: 696px;\" data-original-width=\"600\" data-original-height=\"696\" > <div class=\"tiled-gallery-item tiled-gallery-item-large\" itemprop=\"associatedMedia\" itemscope itemtype=\"http:\/\/schema.org\/ImageObject\"> <a href=\"https:\/\/esrawe.com\/2018esrawe\/interiores\/1320-2\/3-1-34\/\" border=\"0\" itemprop=\"url\"> <meta itemprop=\"width\" content=\"596\"> <meta itemprop=\"height\" content=\"692\"> <img data-attachment-id=\"3455\" data-orig-file=\"https:\/\/esrawe.com\/2018esrawe\/wp-content\/uploads\/2018\/06\/3.1-1-16.jpg\" data-orig-size=\"1189,1381\" data-comments-opened=\"\" data-image-meta=\"{&quot;aperture&quot;:&quot;0&quot;,&quot;credit&quot;:&quot;&quot;,&quot;camera&quot;:&quot;&quot;,&quot;caption&quot;:&quot;&quot;,&quot;created_timestamp&quot;:&quot;0&quot;,&quot;copyright&quot;:&quot;&quot;,&quot;focal_length&quot;:&quot;0&quot;,&quot;iso&quot;:&quot;0&quot;,&quot;shutter_speed&quot;:&quot;0&quot;,&quot;title&quot;:&quot;&quot;,&quot;orientation&quot;:&quot;0&quot;}\" data-image-title=\"3.1-\" data-image-description=\"\" data-medium-file=\"https:\/\/i1.wp.com\/esrawe.com\/2018esrawe\/wp-content\/uploads\/2018\/06\/3.1-1-16.jpg?fit=258%2C300&#038;ssl=1\" data-large-file=\"https:\/\/i1.wp.com\/esrawe.com\/2018esrawe\/wp-content\/uploads\/2018\/06\/3.1-1-16.jpg?fit=882%2C1024&#038;ssl=1\" src=\"https:\/\/i1.wp.com\/esrawe.com\/2018esrawe\/wp-content\/uploads\/2018\/06\/3.1-1-16.jpg?ssl=1&#038;w=596&#038;h=692\" width=\"596\" height=\"692\" data-original-width=\"596\" data-original-height=\"692\" itemprop=\"http:\/\/schema.org\/image\" title=\"3.1-\" alt=\"3.1-\" style=\"width: 596px; height: 692px;\" \/> <\/a> <\/div> <\/div> <!-- close group --> <\/div> <!-- close row --> <\/div>\n<p><img loading=\"lazy\" class=\"alignnone wp-image-3459 size-full\" src=\"https:\/\/i0.wp.com\/esrawe.com\/2018esrawe\/wp-content\/uploads\/2018\/06\/4.1-11.jpg?resize=1200%2C731&#038;ssl=1\" alt=\"\" width=\"1200\" height=\"731\" srcset=\"https:\/\/i0.wp.com\/esrawe.com\/2018esrawe\/wp-content\/uploads\/2018\/06\/4.1-11.jpg?w=2329&amp;ssl=1 2329w, https:\/\/i0.wp.com\/esrawe.com\/2018esrawe\/wp-content\/uploads\/2018\/06\/4.1-11.jpg?resize=300%2C183&amp;ssl=1 300w, https:\/\/i0.wp.com\/esrawe.com\/2018esrawe\/wp-content\/uploads\/2018\/06\/4.1-11.jpg?resize=768%2C468&amp;ssl=1 768w, https:\/\/i0.wp.com\/esrawe.com\/2018esrawe\/wp-content\/uploads\/2018\/06\/4.1-11.jpg?resize=1024%2C624&amp;ssl=1 1024w\" sizes=\"(max-width: 1200px) 100vw, 1200px\" data-recalc-dims=\"1\" \/><img loading=\"lazy\" class=\"alignnone size-full wp-image-3460\" src=\"https:\/\/i1.wp.com\/esrawe.com\/2018esrawe\/wp-content\/uploads\/2018\/06\/5.1-7.jpg?resize=1200%2C731&#038;ssl=1\" alt=\"\" width=\"1200\" height=\"731\" srcset=\"https:\/\/i1.wp.com\/esrawe.com\/2018esrawe\/wp-content\/uploads\/2018\/06\/5.1-7.jpg?w=2329&amp;ssl=1 2329w, https:\/\/i1.wp.com\/esrawe.com\/2018esrawe\/wp-content\/uploads\/2018\/06\/5.1-7.jpg?resize=300%2C183&amp;ssl=1 300w, https:\/\/i1.wp.com\/esrawe.com\/2018esrawe\/wp-content\/uploads\/2018\/06\/5.1-7.jpg?resize=768%2C468&amp;ssl=1 768w, https:\/\/i1.wp.com\/esrawe.com\/2018esrawe\/wp-content\/uploads\/2018\/06\/5.1-7.jpg?resize=1024%2C624&amp;ssl=1 1024w\" sizes=\"(max-width: 1200px) 100vw, 1200px\" data-recalc-dims=\"1\" \/><\/p>\n<h2><\/h2>\n<h2 class=\"ficha\" style=\"font-size: 10px; line-height: 12px; text-align: right; padding-bottom: 20px;\"><strong>Concepto + Interiores \/ Esrawe Studio + Rojkind Arquitectos \/ 2017<\/strong><br \/>\n<strong>Equipo de Dise\u00f1o<\/strong><br \/>\nEsrawe Studio \/ Jan M\u00fcller, Rodrigo L\u00f3pez, Israel Dorantes<br \/>\nRojkind Arquitectos \/ Salvador Cort\u00e9z, Jorge Ces\u00e1r Gonz\u00e1lez, Victor Manuel Vel\u00e1zquez, Cynthia Ponce, Julieta Incl\u00e1n, Pablo Herrera, Fernanda Casar, Andrea Le\u00f3n, Beatriz Zavala, Lorena Garc\u00eda Cordero-Sas\u00eda<br \/>\n<strong>Supervisi\u00f3n de Construcci\u00f3n<\/strong> \/ Jan M\u00fcller<br \/>\n<strong>Fotograf\u00eda<\/strong> \/ Jaime Navarro<\/h2>\n<h2 class=\"ficha\" style=\"font-size: 10px; line-height: 12px; padding-bottom: 20px; text-align: right;\"><strong>Asesores Externos<br \/>\n<\/strong><strong><br \/>\nConstructora<\/strong> \/ ZD+A<\/h2>\n","protected":false},"excerpt":{"rendered":"<p>Tori Tori Altavista La influencia para el desarrollo de este se basa en la expresi\u00f3n de la arquitectura brutalista, as\u00ed como en las viviendas labradas en monta\u00f1as y cavernas. Situado dentro de una plaza comercial en el barrio de San \u00c1ngel, el espacio consta de dos niveles. El primero es un interior angosto que conecta&#8230;<\/p>\n","protected":false},"author":2,"featured_media":7535,"parent":902,"menu_order":0,"comment_status":"closed","ping_status":"closed","template":"","meta":[],"categories":[218],"tags":[],"_links":{"self":[{"href":"https:\/\/esrawe.com\/2018esrawe\/wp-json\/wp\/v2\/pages\/1320"}],"collection":[{"href":"https:\/\/esrawe.com\/2018esrawe\/wp-json\/wp\/v2\/pages"}],"about":[{"href":"https:\/\/esrawe.com\/2018esrawe\/wp-json\/wp\/v2\/types\/page"}],"author":[{"embeddable":true,"href":"https:\/\/esrawe.com\/2018esrawe\/wp-json\/wp\/v2\/users\/2"}],"replies":[{"embeddable":true,"href":"https:\/\/esrawe.com\/2018esrawe\/wp-json\/wp\/v2\/comments?post=1320"}],"version-history":[{"count":18,"href":"https:\/\/esrawe.com\/2018esrawe\/wp-json\/wp\/v2\/pages\/1320\/revisions"}],"predecessor-version":[{"id":26649,"href":"https:\/\/esrawe.com\/2018esrawe\/wp-json\/wp\/v2\/pages\/1320\/revisions\/26649"}],"up":[{"embeddable":true,"href":"https:\/\/esrawe.com\/2018esrawe\/wp-json\/wp\/v2\/pages\/902"}],"wp:featuredmedia":[{"embeddable":true,"href":"https:\/\/esrawe.com\/2018esrawe\/wp-json\/wp\/v2\/media\/7535"}],"wp:attachment":[{"href":"https:\/\/esrawe.com\/2018esrawe\/wp-json\/wp\/v2\/media?parent=1320"}],"wp:term":[{"taxonomy":"category","embeddable":true,"href":"https:\/\/esrawe.com\/2018esrawe\/wp-json\/wp\/v2\/categories?post=1320"},{"taxonomy":"post_tag","embeddable":true,"href":"https:\/\/esrawe.com\/2018esrawe\/wp-json\/wp\/v2\/tags?post=1320"}],"curies":[{"name":"wp","href":"https:\/\/api.w.org\/{rel}","templated":true}]}}

Tori Tori Altavista / CDMX, México / 2017

<p><img loading="lazy" class="alignnone wp-image-3457 size-full" src="https://i2.wp.com/esrawe.com/2018esrawe/wp-content/uploads/2018/06/1.1-1-31.jpg?resize=1200%2C731&#038;ssl=1" alt="" width="1200" height="731" srcset="https://i2.wp.com/esrawe.com/2018esrawe/wp-content/uploads/2018/06/1.1-1-31.jpg?w=2329&amp;ssl=1 2329w, https://i2.wp.com/esrawe.com/2018esrawe/wp-content/uploads/2018/06/1.1-1-31.jpg?resize=300%2C183&amp;ssl=1 300w, https://i2.wp.com/esrawe.com/2018esrawe/wp-content/uploads/2018/06/1.1-1-31.jpg?resize=768%2C468&amp;ssl=1 768w, https://i2.wp.com/esrawe.com/2018esrawe/wp-content/uploads/2018/06/1.1-1-31.jpg?resize=1024%2C624&amp;ssl=1 1024w" sizes="(max-width: 1200px) 100vw, 1200px" data-recalc-dims="1" /></p>
<h1 class="title_interior" style="font-size: 13px; padding-top: 46px; padding-bottom: 26px; text-align: center;"><strong>Tori Tori Altavista</strong></h1>
<p class="p1 parrafo" style="font-size: 11px; padding-bottom: 20px; padding-left: 10%; padding-right: 10%; text-align: left;"><span class="s1">La influencia para el desarrollo de este se basa en la expresión de la arquitectura brutalista, así como en las viviendas labradas en montañas y cavernas. </span></p>
<p class="p1 parrafo" style="font-size: 11px; padding-bottom: 20px; padding-left: 10%; padding-right: 10%; text-align: left;"><span class="s1">Situado dentro de una plaza comercial en el barrio de San Ángel, el espacio consta de dos niveles. El primero es un interior angosto que conecta por una escalera a la segunda planta con terraza rodeada de vegetación. La sensación al entrar al espacio está condicionada por un juego meticuloso de cambios de altura en el plafón de mármol que genera una sensación de compresión y continuidad semejante a la experimentada al entrar a una cueva. Al fondo, el plafón de mármol baja hasta casi tocar el piso para recibir la escalera de caracol que conecta la planta baja con la terraza. En el lado derecho se encuentra una barra de sushi que permite al comensal ver las manos de los chefs durante la preparación de los platos gracias al reflejo del plafón fabricado en latón al alto brillo. Del lado opuesto se encuentra un asiento continuo con un pieza del artista Marco Rountree colgando de la pared. </span></p>
<p class="p1 parrafo" style="font-size: 11px; padding-bottom: 20px; padding-left: 10%; padding-right: 10%; text-align: left;"><span class="s1">La planta alta está techada y rodeada de vegetación; esto genera una sensación de completa apertura y extroversión y permite observar las copas de los árboles de las casas vecinas, unz características del barrio. Sin embargo, la memoria de la experiencia previa se refleja a través del los cambios de nivel en piso construidos con la misma materialidad del espacio anterior.</span></p>
<h2 class="ficha" style="font-size: 10px; line-height: 12px; text-align: right; padding-bottom: 20px;"></h2>
<div class="tiled-gallery type-rectangular tiled-gallery-unresized" data-original-width="1200" data-carousel-extra='null' itemscope itemtype="http://schema.org/ImageGallery" > <div class="gallery-row" style="width: 1200px; height: 696px;" data-original-width="1200" data-original-height="696" > <div class="gallery-group images-1" style="width: 600px; height: 696px;" data-original-width="600" data-original-height="696" > <div class="tiled-gallery-item tiled-gallery-item-large" itemprop="associatedMedia" itemscope itemtype="http://schema.org/ImageObject"> <a href="https://esrawe.com/2018esrawe/interiores/1320-2/toritoricover2/" border="0" itemprop="url"> <meta itemprop="width" content="596"> <meta itemprop="height" content="692"> <img data-attachment-id="3454" data-orig-file="https://esrawe.com/2018esrawe/wp-content/uploads/2018/06/toritoricover2.jpg" data-orig-size="1189,1381" data-comments-opened="" data-image-meta="{&quot;aperture&quot;:&quot;0&quot;,&quot;credit&quot;:&quot;&quot;,&quot;camera&quot;:&quot;&quot;,&quot;caption&quot;:&quot;&quot;,&quot;created_timestamp&quot;:&quot;0&quot;,&quot;copyright&quot;:&quot;&quot;,&quot;focal_length&quot;:&quot;0&quot;,&quot;iso&quot;:&quot;0&quot;,&quot;shutter_speed&quot;:&quot;0&quot;,&quot;title&quot;:&quot;&quot;,&quot;orientation&quot;:&quot;0&quot;}" data-image-title="toritoricover2" data-image-description="" data-medium-file="https://i0.wp.com/esrawe.com/2018esrawe/wp-content/uploads/2018/06/toritoricover2.jpg?fit=258%2C300&#038;ssl=1" data-large-file="https://i0.wp.com/esrawe.com/2018esrawe/wp-content/uploads/2018/06/toritoricover2.jpg?fit=882%2C1024&#038;ssl=1" src="https://i0.wp.com/esrawe.com/2018esrawe/wp-content/uploads/2018/06/toritoricover2.jpg?ssl=1&#038;w=596&#038;h=692" width="596" height="692" data-original-width="596" data-original-height="692" itemprop="http://schema.org/image" title="toritoricover2" alt="toritoricover2" style="width: 596px; height: 692px;" /> </a> </div> </div> <!-- close group --> <div class="gallery-group images-1" style="width: 600px; height: 696px;" data-original-width="600" data-original-height="696" > <div class="tiled-gallery-item tiled-gallery-item-large" itemprop="associatedMedia" itemscope itemtype="http://schema.org/ImageObject"> <a href="https://esrawe.com/2018esrawe/interiores/1320-2/3-1-34/" border="0" itemprop="url"> <meta itemprop="width" content="596"> <meta itemprop="height" content="692"> <img data-attachment-id="3455" data-orig-file="https://esrawe.com/2018esrawe/wp-content/uploads/2018/06/3.1-1-16.jpg" data-orig-size="1189,1381" data-comments-opened="" data-image-meta="{&quot;aperture&quot;:&quot;0&quot;,&quot;credit&quot;:&quot;&quot;,&quot;camera&quot;:&quot;&quot;,&quot;caption&quot;:&quot;&quot;,&quot;created_timestamp&quot;:&quot;0&quot;,&quot;copyright&quot;:&quot;&quot;,&quot;focal_length&quot;:&quot;0&quot;,&quot;iso&quot;:&quot;0&quot;,&quot;shutter_speed&quot;:&quot;0&quot;,&quot;title&quot;:&quot;&quot;,&quot;orientation&quot;:&quot;0&quot;}" data-image-title="3.1-" data-image-description="" data-medium-file="https://i1.wp.com/esrawe.com/2018esrawe/wp-content/uploads/2018/06/3.1-1-16.jpg?fit=258%2C300&#038;ssl=1" data-large-file="https://i1.wp.com/esrawe.com/2018esrawe/wp-content/uploads/2018/06/3.1-1-16.jpg?fit=882%2C1024&#038;ssl=1" src="https://i1.wp.com/esrawe.com/2018esrawe/wp-content/uploads/2018/06/3.1-1-16.jpg?ssl=1&#038;w=596&#038;h=692" width="596" height="692" data-original-width="596" data-original-height="692" itemprop="http://schema.org/image" title="3.1-" alt="3.1-" style="width: 596px; height: 692px;" /> </a> </div> </div> <!-- close group --> </div> <!-- close row --> </div>
<p><img loading="lazy" class="alignnone wp-image-3459 size-full" src="https://i0.wp.com/esrawe.com/2018esrawe/wp-content/uploads/2018/06/4.1-11.jpg?resize=1200%2C731&#038;ssl=1" alt="" width="1200" height="731" srcset="https://i0.wp.com/esrawe.com/2018esrawe/wp-content/uploads/2018/06/4.1-11.jpg?w=2329&amp;ssl=1 2329w, https://i0.wp.com/esrawe.com/2018esrawe/wp-content/uploads/2018/06/4.1-11.jpg?resize=300%2C183&amp;ssl=1 300w, https://i0.wp.com/esrawe.com/2018esrawe/wp-content/uploads/2018/06/4.1-11.jpg?resize=768%2C468&amp;ssl=1 768w, https://i0.wp.com/esrawe.com/2018esrawe/wp-content/uploads/2018/06/4.1-11.jpg?resize=1024%2C624&amp;ssl=1 1024w" sizes="(max-width: 1200px) 100vw, 1200px" data-recalc-dims="1" /><img loading="lazy" class="alignnone size-full wp-image-3460" src="https://i1.wp.com/esrawe.com/2018esrawe/wp-content/uploads/2018/06/5.1-7.jpg?resize=1200%2C731&#038;ssl=1" alt="" width="1200" height="731" srcset="https://i1.wp.com/esrawe.com/2018esrawe/wp-content/uploads/2018/06/5.1-7.jpg?w=2329&amp;ssl=1 2329w, https://i1.wp.com/esrawe.com/2018esrawe/wp-content/uploads/2018/06/5.1-7.jpg?resize=300%2C183&amp;ssl=1 300w, https://i1.wp.com/esrawe.com/2018esrawe/wp-content/uploads/2018/06/5.1-7.jpg?resize=768%2C468&amp;ssl=1 768w, https://i1.wp.com/esrawe.com/2018esrawe/wp-content/uploads/2018/06/5.1-7.jpg?resize=1024%2C624&amp;ssl=1 1024w" sizes="(max-width: 1200px) 100vw, 1200px" data-recalc-dims="1" /></p>
<h2></h2>
<h2 class="ficha" style="font-size: 10px; line-height: 12px; text-align: right; padding-bottom: 20px;"><strong>Concepto + Interiores / Esrawe Studio + Rojkind Arquitectos / 2017</strong><br />
<strong>Equipo de Diseño</strong><br />
Esrawe Studio / Jan Müller, Rodrigo López, Israel Dorantes<br />
Rojkind Arquitectos / Salvador Cortéz, Jorge Cesár González, Victor Manuel Velázquez, Cynthia Ponce, Julieta Inclán, Pablo Herrera, Fernanda Casar, Andrea León, Beatriz Zavala, Lorena García Cordero-Sasía<br />
<strong>Supervisión de Construcción</strong> / Jan Müller<br />
<strong>Fotografía</strong> / Jaime Navarro</h2>
<h2 class="ficha" style="font-size: 10px; line-height: 12px; padding-bottom: 20px; text-align: right;"><strong>Asesores Externos<br />
</strong><strong><br />
Constructora</strong> / ZD+A</h2>

<p>Tori Tori Altavista La influencia para el desarrollo de este se basa en la expresión de la arquitectura brutalista, así como en las viviendas labradas en montañas y cavernas. Situado dentro de una plaza comercial en el barrio de San Ángel, el espacio consta de dos niveles. El primero es un interior angosto que conecta&#8230;</p>
